{"id":3,"date":"2025-09-05T14:48:36","date_gmt":"2025-09-05T14:48:36","guid":{"rendered":"http:\/\/www.kasvohoitola.fi\/?page_id=3"},"modified":"2026-03-11T06:22:09","modified_gmt":"2026-03-11T06:22:09","slug":"privacy-policy","status":"publish","type":"page","link":"https:\/\/www.kasvohoitola.fi\/index.php\/privacy-policy\/","title":{"rendered":"Tietosuojaseloste"},"content":{"rendered":"\n<p><\/p>\n\n\n\n<p>Nettisivujemme osoite: http:\/\/www.kasvohoitola.fi.<\/p>\n\n\n\n<p><\/p>\n\n\n\n<p><\/p>\n\n\n\n<h2 class=\"wp-block-heading\">Kommentointi<\/h2>\n\n\n\n<p><strong class=\"privacy-policy-tutorial\"> <\/strong>Kun k\u00e4vij\u00e4 j\u00e4tt\u00e4\u00e4 kommentin sivuillemme, ker\u00e4\u00e4mme datan kommenteista sek\u00e4 IP-osoitteen selaimesta helpottamaan sivujen roskapostia. Sivuilla ker\u00e4\u00e4mme my\u00f6s selaimen k\u00e4ytt\u00e4j\u00e4agenttijonotunnisteen.<\/p>\n\n\n\n<p><\/p>\n\n\n\n<p>Anonyymi k\u00e4ytt\u00e4j\u00e4tunniste, joka ker\u00e4t\u00e4\u00e4n k\u00e4ytt\u00e4m\u00e4si s\u00e4hk\u00f6postiosoitteen kautta, saatetaan l\u00e4hett\u00e4\u00e4 eteenp\u00e4in Gravatar- palveluun n\u00e4hd\u00e4ksemme k\u00e4yt\u00e4tk\u00f6 palvelua.Gravatarin oman tietosuojaselosteen l\u00f6yd\u00e4t t\u00e4\u00e4lt\u00e4: https:\/\/automatis.com\/privacy\/. Kommentointisi hyv\u00e4ksynn\u00e4n j\u00e4lkeen, profiilikuvasi on julkinen yleis\u00f6lle kommentoidessasi sivuillamme.<\/p>\n\n\n\n<h2 class=\"wp-block-heading\">Media<\/h2>\n\n\n\n<p>Jos lataat kuvia sivuille, sinun tulisi v\u00e4ltt\u00e4\u00e4 lataamasta kuvia sijainnilla (EXIF GPS). <\/p>\n\n\n\n<h2 class=\"wp-block-heading\">Ev\u00e4steet<\/h2>\n\n\n\n<p>Jos j\u00e4t\u00e4t kommentin sivuille, voit tallentaa nimesi, s\u00e4hk\u00f6postiosoitteesi ja sivut ev\u00e4steiss\u00e4. T\u00e4m\u00e4 vain ettei sinun tarvitse joka kerta t\u00e4ytt\u00e4\u00e4 niit\u00e4 erikseen kun k\u00e4yt sivuilla.N\u00e4m\u00e4 tiedot s\u00e4ilytet\u00e4\u00e4n vuoden.<\/p>\n\n\n\n<p>Jos vierailet kirjautumissivulla, k\u00e4yt\u00e4mme v\u00e4liaikaisia ev\u00e4steit\u00e4 m\u00e4\u00e4ritt\u00e4m\u00e4\u00e4n hyv\u00e4ksytk\u00f6 ev\u00e4steet. N\u00e4m\u00e4 ev\u00e4steet eiv\u00e4t s\u00e4ilyt\u00e4 henkil\u00f6kohtaisia tietojasi.<\/p>\n\n\n\n<p>KUn kirjaudut sis\u00e4\u00e4n, me k\u00e4yt\u00e4mme useita ev\u00e4steit\u00e4 tallentaaksemme kirjautumistiedot ja valinnat sivuillamme. Kirjautumistiedot pysyv\u00e4t tallessa kaksi p\u00e4iv\u00e4\u00e4 ja valinnat vuoden. Jos valitset &#8221;muista minut&#8221; kirjautumistiedot tallentuu kahdeksi viikoksi. Jos kirjaudut ulos kirautumistiedot poistuu.<\/p>\n\n\n\n<p>Jos editoit tai julkaiset kirjoituksia lis\u00e4osa ev\u00e4steiss\u00e4 tallentuu selaimeesi. T\u00e4m\u00e4 ev\u00e4ste ei sis\u00e4ll\u00e4 henkil\u00f6kohtaista dataa ja yksinkertaisesti osoittaa henkil\u00f6llisyystodistuksen kirjoittamallesi jutulle. Se kest\u00e4\u00e4 yhden p\u00e4iv\u00e4n.<\/p>\n\n\n\n<h2 class=\"wp-block-heading\">Upotettu sis\u00e4lt\u00f6 muilta sivuilta<\/h2>\n\n\n\n<p><strong class=\"privacy-policy-tutorial\">Suggested text: <\/strong>Articles on this site may include embedded content (e.g. videos, images, articles, etc.). Embedded content from other websites behaves in the exact same way as if the visitor has visited the other website.<\/p>\n\n\n\n<p>These websites may collect data about you, use cookies, embed additional third-party tracking, and monitor your interaction with that embedded content, including tracking your interaction with the embedded content if you have an account and are logged in to that website.<\/p>\n\n\n\n<h2 class=\"wp-block-heading\">Who we share your data with<\/h2>\n\n\n\n<p><strong class=\"privacy-policy-tutorial\">Suggested text: <\/strong>If you request a password reset, your IP address will be included in the reset email.<\/p>\n\n\n\n<h2 class=\"wp-block-heading\">How long we retain your data<\/h2>\n\n\n\n<p><strong class=\"privacy-policy-tutorial\">Suggested text: <\/strong>If you leave a comment, the comment and its metadata are retained indefinitely. This is so we can recognize and approve any follow-up comments automatically instead of holding them in a moderation queue.<\/p>\n\n\n\n<p>For users that register on our website (if any), we also store the personal information they provide in their user profile. All users can see, edit, or delete their personal information at any time (except they cannot change their username). Website administrators can also see and edit that information.<\/p>\n\n\n\n<h2 class=\"wp-block-heading\">What rights you have over your data<\/h2>\n\n\n\n<p><strong class=\"privacy-policy-tutorial\">Suggested text: <\/strong>If you have an account on this site, or have left comments, you can request to receive an exported file of the personal data we hold about you, including any data you have provided to us. You can also request that we erase any personal data we hold about you. This does not include any data we are obliged to keep for administrative, legal, or security purposes.<\/p>\n\n\n\n<h2 class=\"wp-block-heading\">Where your data is sent<\/h2>\n\n\n\n<p><strong class=\"privacy-policy-tutorial\">Suggested text: <\/strong>Visitor comments may be checked through an automated spam detection service.<\/p>\n","protected":false},"excerpt":{"rendered":"<p>Nettisivujemme osoite: http:\/\/www.kasvohoitola.fi. Kommentointi Kun k\u00e4vij\u00e4 j\u00e4tt\u00e4\u00e4 kommentin sivuillemme, ker\u00e4\u00e4mme datan kommenteista sek\u00e4 IP-osoitteen selaimesta helpottamaan sivujen roskapostia. Sivuilla ker\u00e4\u00e4mme my\u00f6s selaimen k\u00e4ytt\u00e4j\u00e4agenttijonotunnisteen. Anonyymi k\u00e4ytt\u00e4j\u00e4tunniste, joka ker\u00e4t\u00e4\u00e4n k\u00e4ytt\u00e4m\u00e4si s\u00e4hk\u00f6postiosoitteen kautta, saatetaan l\u00e4hett\u00e4\u00e4 eteenp\u00e4in Gravatar- palveluun n\u00e4hd\u00e4ksemme k\u00e4yt\u00e4tk\u00f6 palvelua.Gravatarin oman tietosuojaselosteen l\u00f6yd\u00e4t t\u00e4\u00e4lt\u00e4: https:\/\/automatis.com\/privacy\/. Kommentointisi hyv\u00e4ksynn\u00e4n j\u00e4lkeen, profiilikuvasi on julkinen yleis\u00f6lle kommentoidessasi sivuillamme. Media Jos lataat [&hellip;]<\/p>\n","protected":false},"author":1,"featured_media":0,"parent":0,"menu_order":0,"comment_status":"closed","ping_status":"open","template":"","meta":{"advanced_seo_description":"","jetpack_seo_html_title":"","jetpack_seo_noindex":false,"footnotes":""},"class_list":["post-3","page","type-page","status-publish","hentry"],"jetpack_sharing_enabled":true,"_links":{"self":[{"href":"https:\/\/www.kasvohoitola.fi\/index.php\/wp-json\/wp\/v2\/pages\/3","targetHints":{"allow":["GET"]}}],"collection":[{"href":"https:\/\/www.kasvohoitola.fi\/index.php\/wp-json\/wp\/v2\/pages"}],"about":[{"href":"https:\/\/www.kasvohoitola.fi\/index.php\/wp-json\/wp\/v2\/types\/page"}],"author":[{"embeddable":true,"href":"https:\/\/www.kasvohoitola.fi\/index.php\/wp-json\/wp\/v2\/users\/1"}],"replies":[{"embeddable":true,"href":"https:\/\/www.kasvohoitola.fi\/index.php\/wp-json\/wp\/v2\/comments?post=3"}],"version-history":[{"count":9,"href":"https:\/\/www.kasvohoitola.fi\/index.php\/wp-json\/wp\/v2\/pages\/3\/revisions"}],"predecessor-version":[{"id":471,"href":"https:\/\/www.kasvohoitola.fi\/index.php\/wp-json\/wp\/v2\/pages\/3\/revisions\/471"}],"wp:attachment":[{"href":"https:\/\/www.kasvohoitola.fi\/index.php\/wp-json\/wp\/v2\/media?parent=3"}],"curies":[{"name":"wp","href":"https:\/\/api.w.org\/{rel}","templated":true}]}}